*d**2 + 65*d - 11. Let a(b) = b**3 + 17*b**2 - 22*b + 4. Let i(w) = -8*a(w) - 3*c(w). Let n be i(-15). Let l = 1458 - n. Is l composite?
True
Let z be (23/(-4))/(5/80*4). Let x = -19 - z. Is 89 - (2/4*-4 + x) a composite number?
True
Suppose 0 = 3*j - 5*t + 52 - 2, 4*t - 64 = 4*j. Let d(y) = -860*y - 263. Is d(j) a composite number?
False
Let o = 487 - 493. Is (-702 - (-6)/o)*-1 prime?
False
Suppose 0 = 4*g - 3291*p + 3295*p - 4083828, 5*g - 5104793 = -p. Is g a prime number?
True
Let i(w) = -18*w + 56. Let z be i(3). Suppose -454 - 180 = -z*j. Is j a composite number?
False
Suppose -487 = -5*h - 457. Suppose -h*z + 298 = -144428. Is z a prime number?
True
Suppose -17 = -4*b + 3*a, 7*b - 3*a - 7 = 5*b. Suppose -2*y + p + 5038 = 0, b*p - 10682 = -5*y + 1943. Is y a prime number?
True
Suppose 2 = -s + 1, -4*c + 2*s - 22 = 0. Let n(g) = -10*g - 62*g - 53*g + 4 - 4 + 1. Is n(c) prime?
True
Let s = 49466 - 22573. Let b = 37961 - s. Suppose 0 = 12*x - 8*x - b. Is x composite?
False
Suppose -3*f + f = -4*x + 298, 0 = 3*f - x + 437. Let h be (f/(-87))/((-2)/(-6)). Suppose 5*l - 1112 = 3*s + 828, h*s - 1589 = -4*l. Is l a prime number?
False
Let i(t) = 22015*t**3 + 3*t**2 + 52*t - 139. Is i(3) a composite number?
False
Let w(t) = -47*t + 14*t - 827 + 834. Let z = -22 - -16. Is w(z) a composite number?
True
Let x = -64 + -550. Let l = x - -945. Is l a prime number?
True
Suppose 3*h - 217349 - 40087 = 42465. Is h composite?
True
Let h be 1*(-36)/(-30)*40/6. Let m(a) = -2*a**3 + 5*a**2 - 9*a + 15. Let d be m(h). Is (d/2)/((-12)/(-8) - 2) a prime number?
True
Suppose -2*l + 5*d = 2, -2*l + d = l + 16. Let t(h) = 13*h - 24. Let o be t(l). Let v = 245 - o. Is v a composite number?
False
Let i(o) = 6018*o**2 + 228*o + 2209. Is i(-11) a prime number?
True
Let c(b) = 44922*b**2 + 116*b - 367. Is c(3) composite?
True
Let d(f) = -171*f**3 + 2*f**2 + 5*f + 15. Let p be d(-5). Let z = p + -10856. Is z a prime number?
True
Let o(d) = 244*d - 5 + 1 + 11. Let r be o(-3). Is r/(-6) - ((-15)/(-18) - 1) prime?
False
Suppose 0 = -2*r - 24 + 28. Suppose -9*b + r = -11*b. Is 0 + b/(-3) + 3578/3 prime?
True
Suppose 7 = l - f, 0 = 5*l + f - 18 + 1. Is l - 17/(-3*(-4)/(-6612)) a composite number?
False
Let s(t) = 25*t**2 + 71*t - 14. Let v be s(-3). Suppose 0 = 3*h + 2*z + 60, 2*h - z = 4*h + 39. Is v/(24/h) - (-1718)/4 a prime number?
True
Suppose 68*u + 43*u = 140*u - 1726167. Is u composite?
True
Suppose -11*u - 6 = -6. Let z(s) = s**3 - 4*s**2 + 2995. Is z(u) a prime number?
False
Suppose 13*b = -6*b + 11*b + 551864. Is b composite?
True
Let q = 133 + -98. Suppose 17787 = -q*z + 263382. Is z a prime number?
False
Let s = 242 + -162. Let c = s + -78. Suppose 5*l = i + 784, -3*i + i = -c*l + 312. Is l a composite number?
False
Let o(y) = 165*y**2 - 6*y - 1. Let r be o(-3). Suppose -r = 3*z + 2503. Let l = z + 2984. Is l prime?
False
Let w(a) = -5*a - 114 + 4*a - 6*a + 118 + a**2. Let x be w(8). Suppose x*j - 23749 = j. Is j composite?
True
Let i be 2 + (-6 - -2 - -5) + -1. Suppose i*s = 37 - 25. Suppose -2*g = s*g - 1136. Is g a prime number?
False
Suppose -3*s = 2*h + 6, 5*s + 4*h + 21 = 9. Suppose s = -2*j - 4, 0 = 4*z + 2*j + j - 34. Suppose -2*b + z*b - 20104 = 0. Is b composite?
True
Let j = -17609 - -17786. Is j composite?
True
Suppose 196*d - 198*d = 2*h - 526056, 2*h + 526036 = 2*d. Is d composite?
False
Let d(w) = w**3 - 14*w**2 - 19*w + 62. Let n be d(15). Is 9588 + ((-15)/(-3))/(-10)*n a prime number?
True
Let h(y) be the first derivative of -9*y**2/2 - 4*y - 26. Let g be h(-2). Suppose 1348 + 9670 = g*w. Is w a composite number?
False
Suppose 4*t - t = -5*t. Suppose 0 = 5*g + 2*b - 4324, t*b - 3454 = -4*g + b. Let p = g - -527. Is p composite?
True
Let y = 37 - -19. Suppose 0*s = -2*o - 5*s + 242, 3*s = 0. Suppose -d = -y - o. Is d a prime number?
False
Let c(n) = -5*n**2 + 9*n**3 - 32*n + 26*n - 7*n**2 + 1 + 6*n**2. Is c(6) prime?
True
Suppose -4*s + 4*g = -7576, -2*s - 5658 = -5*s - 3*g. Suppose 0 = y - 3*y - 6. Is s - (-5 + 3 - y) composite?
False
Suppose -18668 - 101472 = -4*x. Is x composite?
True
Suppose m - 39 = 6*m + 3*a, 10 = 5*a. Let x(i) = i**2 + 8*i - 9. Let l be x(m). Suppose 6*o - 1358 + 344 = l. Is o a prime number?
False
Let c be (132/220)/(-1 + 12/10). Suppose -c*g + 5*g - 5863 = -5*d, 2*d + 4*g - 2358 = 0. Is d composite?
False
Let j = -654 - -1487. Suppose 4*z - 3 - 21 = -5*h, -5*z - 20 = 0. Suppose -b + 2*d = -j, 5*b - 3*d - 4225 = -h*d. Is b a prime number?
False
Suppose 528*q = 605*q + 693. Let c(u) = 30*u + 8. Let f(l) = 1. Let a(n) = -c(n) + 5*f(n). Is a(q) a prime number?
False
Let q = -15 - -15. Suppose -4*y + 1759 + 3829 = q. Is y a composite number?
True
Suppose 3*j + 2*j + 3*t = 76, -j + 22 = 4*t. Suppose -9*s + j = -2*s. Suppose -2*c + c + 2*u + 708 = 0, 1456 = s*c + 4*u. Is c composite?
True
Let c be (-8 + 13)*(1 + 0). Is ((-100504)/24 + c)*9/(-6) composite?
True
Let r = -70 - -46. Let c be (486/r)/(-3)*(-1 - -965). Suppose -5*q + 2*w + c = -1930, -4*q = 4*w - 6744. Is q composite?
True
Let b(a) = a**3 - 4*a**2 + 5*a - 3. Let d be b(3). Let n be (-310)/30 + ((-4)/d)/(-4). Is (-2 - (-15)/n)*-1642 composite?
True
Suppose -83 = -3*y + 4*x, -3*y + 82 = -7*x + 2*x. Suppose 0 = 2*k - 5*k + 2355. Suppose -24*q - k = -y*q. Is q composite?
False
Let v(w) = 32252*w + 2315. Is v(18) composite?
False
Let l = 112 - 323. Is l/(((-1)/3)/(1/3)) a composite number?
False
Let v(p) = -4*p**3 + 166 - 8*p + 3*p**3 - 135 - 23*p**2. Is v(-29) composite?
False
Is ((-2)/(8/(-28213)))/((-615)/(-2460)) prime?
False
Suppose -97096 = 4102*q - 4110*q. Is q a prime number?
False
Suppose -5*t - 267*x + 3094433 = -264*x, -5*x + 1237796 = 2*t. Is t a composite number?
False
Let h be (-2 - -3)/((-2)/(-5506)). Let o = 1184 + -2316. Let w = o + h. Is w a prime number?
True
Suppose 3*j - 42 = -12. Suppose 4*v = -j + 30. Suppose 0 = -0*q - v*q + 295. Is q a composite number?
False
Let l(i) = -i**3 + 7*i**2 - 8*i - 10. Suppose 0 = -4*k - 41 + 5. Let f be l(k). Suppose -f = -6*p + 1300. Is p a prime number?
True
Suppose 0 = -4*l - 16, -589770 = -2*k + 15*l - 16*l. Is k a prime number?
True
Let z be (-21)/14*16/(-6). Suppose -s = 3, f + 5*s + 15 = -z*f. Suppose f = -p + 5*p - 4316. Is p a prime number?
False
Suppose 4*g - 1304964 = -5*y + 1504633, 5*g - 2247683 = -4*y. Is y composite?
False
Let x(y) = -y**2 + 5. Let q(g) = -g + 12. Let i be q(15). Let a be x(i). Is a/(-8)*(-644)/(-2) prime?
False
Suppose 5*t - 1637 - 2583 = 0. Suppose 0*d - t = 2*d. Let z = 637 - d. Is z a composite number?
True
Let w = 3012 + -851. Suppose -w = 5*l - 7086. Is l a prime number?
False
Let k(a) = -168634*a + 991. Is k(-3) prime?
True
Let u(p) = 5206*p**2 + 445*p + 35. Is u(16) a composite number?
True
Suppose -m - 9 = -2*d, -6*m + m = 2*d - 3. Is (4794/10 - m)*(-200)/(-80) a composite number?
False
Let c = -57224 - -86887. Is c a prime number?
True
Suppose -75*r - 1818060 = -28587585. Is r a composite number?
False
Let w be (4340/(-3))/(6/(-54)). Let t = w - 8291. Is t a prime number?
True
Let k = 5 - -6924. Suppose 3*j = -j + i + k, -2*j + 3463 = -i. Is j prime?
True
Let h(u) = 29 + 8 + 63 + 3*u - 32*u + 7 + 5*u**2. Is h(-17) composite?
True
Let q(y) = 1064*y**3 - 21*y**2 - 9*y + 99. Is q(8) a composite number?
True
Let s(l) = 218*l - 7. Let v(f) = -1757*f + 61. Let i(j) = 439*j - 15. Let p(t) = 9*i(t) + 2*v(t). Let h(y) = 6*p(y) - 11*s(y). Is h(2) composite?
True
Suppose 8*n - 18 = 198. Let c(v) = -2*v**2 + 4*v + 9. Let d be c(n). Let o = 2864 + d. Is o a prime number?
True
Is (4 + -1)*(737744/84 - 13) a prime number?
True
Let y(t) = 13 + 20*t - 14 - 6*t**3 - 24*t - 4*t**2. Let a be y(-2). Suppose c = 714 + a. Is c a prime number?
False
Let r = -8291 - -193240. Is r a composite number?
False
Suppose 4*c + 19*c + 1635192 = 8520403. Is c a composite number?
False
Suppose 3*s = 15, 17*u - 70 = 12*u + 5*s. Suppose u*k - 246489 = 185210. Is k composite?
False
Let h(n) = 90915*n - 348. Let l(f) = -6494*f + 25. Let o(d) = -2*h(d) - 29*l(d). Is o(1) prime?
False
Let x = -111655 + 186866. Is x a composite number?
False
Is (117106/(-11))/(19 - 20) a prime number?
False
Let k(q) = 40*q + 25. Let o be k(12). Let z = o - -852. Is z a prime number?
False
Let w(g) be the third derivative of -67*g**6/